{"id":35,"date":"2025-11-04T21:41:14","date_gmt":"2025-11-04T21:41:14","guid":{"rendered":"https:\/\/2577099.tim-cstj.ca\/domaine\/wptest\/?page_id=35"},"modified":"2025-11-04T21:41:14","modified_gmt":"2025-11-04T21:41:14","slug":"notre-histoire","status":"publish","type":"page","link":"https:\/\/2577099.tim-cstj.ca\/domaine\/wptest\/index.php\/notre-histoire\/","title":{"rendered":"Notre Histoire"},"content":{"rendered":"\n<p>La GardeTIM a vu le jour en 2010 gr\u00e2ce \u00e0 la vision de Marie Tremblay et Luc Bergeron, deux \u00e9ducateurs passionn\u00e9s par le d\u00e9veloppement des enfants. Leur r\u00eave \u00e9tait de cr\u00e9er un espace o\u00f9 les tout-petits pourraient grandir et s\u2019\u00e9panouir dans un environnement bienveillant et stimulant.<\/p>\n\n\n\n<p>Ce projet a commenc\u00e9 modestement avec seulement 10 enfants dans une petite maison r\u00e9nov\u00e9e \u00e0 Saint-J\u00e9r\u00f4me, mais la garderie s\u2019est rapidement agrandie gr\u00e2ce \u00e0 l\u2019engagement des familles et au d\u00e9vouement de l\u2019\u00e9quipe. En 2015, La GardeTIM a d\u00e9m\u00e9nag\u00e9 dans de nouveaux locaux pour accueillir plus de 50 enfants et offrir des installations modernes adapt\u00e9es aux besoins des petits explorateurs.<\/p>\n\n\n\n<p>Depuis, nous n\u2019avons cess\u00e9 de grandir. Aujourd&rsquo;hui, sous la direction de Julie Leblanc, nous continuons \u00e0 innover avec de nouvelles activit\u00e9s \u00e9ducatives, des \u00e9v\u00e9nements sp\u00e9ciaux et des collaborations avec la communaut\u00e9 locale. Plus de 200 enfants ont fait partie de la grande famille de La GardeTIM, et nous sommes fiers de contribuer \u00e0 leur d\u00e9veloppement et \u00e0 leurs premi\u00e8res d\u00e9couvertes du monde qui les entoure.<\/p>\n","protected":false},"excerpt":{"rendered":"<p>La GardeTIM a vu le jour en 2010 gr\u00e2ce \u00e0 la vision de Marie Tremblay et Luc Bergeron, deux \u00e9ducateurs passionn\u00e9s par le d\u00e9veloppement des enfants. Leur r\u00eave \u00e9tait de cr\u00e9er un espace o\u00f9 les tout-petits pourraient grandir et s\u2019\u00e9panouir dans un environnement bienveillant et stimulant. Ce projet a commenc\u00e9 modestement avec seulement 10 enfants [&hellip;]<\/p>\n","protected":false},"author":1,"featured_media":0,"parent":0,"menu_order":0,"comment_status":"closed","ping_status":"closed","template":"","meta":{"footnotes":""},"class_list":["post-35","page","type-page","status-publish","hentry"],"_links":{"self":[{"href":"https:\/\/2577099.tim-cstj.ca\/domaine\/wptest\/index.php\/wp-json\/wp\/v2\/pages\/35","targetHints":{"allow":["GET"]}}],"collection":[{"href":"https:\/\/2577099.tim-cstj.ca\/domaine\/wptest\/index.php\/wp-json\/wp\/v2\/pages"}],"about":[{"href":"https:\/\/2577099.tim-cstj.ca\/domaine\/wptest\/index.php\/wp-json\/wp\/v2\/types\/page"}],"author":[{"embeddable":true,"href":"https:\/\/2577099.tim-cstj.ca\/domaine\/wptest\/index.php\/wp-json\/wp\/v2\/users\/1"}],"replies":[{"embeddable":true,"href":"https:\/\/2577099.tim-cstj.ca\/domaine\/wptest\/index.php\/wp-json\/wp\/v2\/comments?post=35"}],"version-history":[{"count":1,"href":"https:\/\/2577099.tim-cstj.ca\/domaine\/wptest\/index.php\/wp-json\/wp\/v2\/pages\/35\/revisions"}],"predecessor-version":[{"id":36,"href":"https:\/\/2577099.tim-cstj.ca\/domaine\/wptest\/index.php\/wp-json\/wp\/v2\/pages\/35\/revisions\/36"}],"wp:attachment":[{"href":"https:\/\/2577099.tim-cstj.ca\/domaine\/wptest\/index.php\/wp-json\/wp\/v2\/media?parent=35"}],"curies":[{"name":"wp","href":"https:\/\/api.w.org\/{rel}","templated":true}]}}